{"id":245,"date":"2019-10-26T10:09:12","date_gmt":"2019-10-26T10:09:12","guid":{"rendered":"http:\/\/carekompetenz.de\/?page_id=245"},"modified":"2025-06-14T10:00:22","modified_gmt":"2025-06-14T10:00:22","slug":"aktuelles","status":"publish","type":"page","link":"https:\/\/carekompetenz.de\/?page_id=245","title":{"rendered":"Aktuelles"},"content":{"rendered":"\n<p>Die CareKompetenz BS GmbH w\u00e4chst weiter, deshalb begr\u00fc\u00dfe ich neu im Team:<\/p>\n\n\n\n<p>seit 01.09.2024 Frau Sandy Hochstuhl, die mit Ihrer zus\u00e4tzlichen Expertise als Wundmanagerin das Team bereichert.<\/p>\n\n\n\n<p>seit 01.04.2025 Frau Manuela Stumpf, die schon lange als Kooperationspartnerin mit Ihrem Pflegedienst mit uns zusammengearbeitet hat und jetzt das Team auch als Patientenkoordinatorin mit Ihrer pflegerischen Expertise bereichert.<\/p>\n\n\n\n<p>seit 01.05.2025 Frau Natalie Thomas, die aus Ihrer Zeit in der Onkologie viel Kompetenz und Fachwissen mitbringt.<\/p>\n\n\n\n<p><\/p>\n\n\n\n<div class=\"wp-block-group is-nowrap is-layout-flex wp-container-core-group-is-layout-ad2f72ca wp-block-group-is-layout-flex\">\n<p><strong>Auszeichnung der CareKompetenz BS GmbH<\/strong><\/p>\n<\/div>\n\n\n\n<figure class=\"wp-block-image size-full\"><img loading=\"lazy\" decoding=\"async\" width=\"123\" height=\"125\" src=\"https:\/\/carekompetenz.de\/wp-content\/uploads\/2025\/06\/DISQTrust-Siegel_Service-Champion_CareKompetenz-BS-GmbH_mini-2.png\" alt=\"\" class=\"wp-image-360\"\/><\/figure>\n\n\n\n<p>Am 12.06.2025 durfte ich in Essen den Preis als &#8222;Service-Champion entgegen nehmen, der von der DISQTrust jedes Jahr an Unternehmen vergeben wird, sie sich besonders im Bereich Service auszeichnen. Das macht mich sehr stolz und ist einen Best\u00e4tigung, das wir auf dem richtigen Weg sind.<\/p>\n\n\n\n<p>Und weil Service bei uns gro\u00df geschrieben wird hier unsere aktuellen \u00d6ffnungszeiten:<\/p>\n\n\n\n<p class=\"has-medium-font-size\"><strong>F\u00fcr  Beratungen und Anfragen sind wir von                                                                                     Montag-Freitag von 08:00 bis 17:00 Uhr telefonisch unter der 0176.61727965 erreichbar<\/strong>,                                                                                                      (f\u00fcr dringende Fragen auch \u00fcber diese Zeiten hinaus)     <\/p>\n\n\n\n<p class=\"has-medium-font-size\"><strong>Patientenanmeldungen sind 24\/7 m\u00f6glich<\/strong><\/p>\n\n\n\n<p class=\"has-medium-font-size\"><strong>Unsere Patienten erreichen uns \u00fcber die 0176.61727965 rund um die Uhr!<\/strong><\/p>\n\n\n\n<h2 class=\"wp-block-heading\"> Ihre Barbara Spandau<\/h2>\n\n\n\n<p><\/p>\n\n\n\n<p><\/p>\n","protected":false},"excerpt":{"rendered":"<p>Die CareKompetenz BS GmbH w\u00e4chst weiter, deshalb begr\u00fc\u00dfe ich neu im Team: seit 01.09.2024 Frau Sandy Hochstuhl, die mit Ihrer zus\u00e4tzlichen Expertise als Wundmanagerin das Team bereichert. seit 01.04.2025 Frau Manuela Stumpf, die schon lange als Kooperationspartnerin mit Ihrem Pflegedienst mit uns zusammengearbeitet hat und jetzt das Team auch als Patientenkoordinatorin mit Ihrer pflegerischen Expertise &hellip; <\/p>\n<p class=\"link-more\"><a href=\"https:\/\/carekompetenz.de\/?page_id=245\" class=\"more-link\"><span class=\"screen-reader-text\">\u201eAktuelles\u201c<\/span> weiterlesen<\/a><\/p>\n","protected":false},"author":1,"featured_media":0,"parent":0,"menu_order":0,"comment_status":"closed","ping_status":"closed","template":"","meta":{"footnotes":""},"class_list":["post-245","page","type-page","status-publish","hentry"],"_links":{"self":[{"href":"https:\/\/carekompetenz.de\/index.php?rest_route=\/wp\/v2\/pages\/245","targetHints":{"allow":["GET"]}}],"collection":[{"href":"https:\/\/carekompetenz.de\/index.php?rest_route=\/wp\/v2\/pages"}],"about":[{"href":"https:\/\/carekompetenz.de\/index.php?rest_route=\/wp\/v2\/types\/page"}],"author":[{"embeddable":true,"href":"https:\/\/carekompetenz.de\/index.php?rest_route=\/wp\/v2\/users\/1"}],"replies":[{"embeddable":true,"href":"https:\/\/carekompetenz.de\/index.php?rest_route=%2Fwp%2Fv2%2Fcomments&post=245"}],"version-history":[{"count":11,"href":"https:\/\/carekompetenz.de\/index.php?rest_route=\/wp\/v2\/pages\/245\/revisions"}],"predecessor-version":[{"id":362,"href":"https:\/\/carekompetenz.de\/index.php?rest_route=\/wp\/v2\/pages\/245\/revisions\/362"}],"wp:attachment":[{"href":"https:\/\/carekompetenz.de\/index.php?rest_route=%2Fwp%2Fv2%2Fmedia&parent=245"}],"curies":[{"name":"wp","href":"https:\/\/api.w.org\/{rel}","templated":true}]}}